
Let h(x) = 8*x - 2. Let f(d) = d. Suppose 0 = -t - 0 + 1. Let v(s) = t*h(s) - 10*f(s). Calculate v(4).
-10
Let n(c) = -2*c**3 - 3*c**2 + 1. Let m = -135 + 133. Give n(m).
5
Let z be (12/10)/(6/40). Suppose -t + 3*t + z = 0. Let b(x) = -x**2 - 5*x + 2. Determine b(t).
6
Let t(x) = -9*x + 13*x - 16*x - 2*x**2 - 15 + x**2. Give t(-10).
5
Let t(x) = -x**2 + 17*x - 5. Let n(q) = q**2. Let p(g) = -3*n(g) - t(g). Let f(s) = -s**2 - 9*s + 2. Let r(m) = -5*f(m) + 3*p(m). Determine r(-4).
13
Let f(s) = 6*s + 2. Let i(k) = 7*k + 2. Let g = -4 + 8. Suppose -7*o = -2*o - p - 23, -g*o = -3*p - 14. Let z(d) = o*i(d) - 6*f(d). Calculate z(-4).
2
Let q(x) = -3*x - 12. Let j be q(-8). Let y be ((-3)/2)/((-9)/j). Let a(r) = r**3 - 2*r**2 - 2*r + 1. Calculate a(y).
-3
Let w(s) = -s**2 + 2*s + 3. Suppose 4*i + 51 = -13. Let b = -3 - -7. Let m be i/12*6/b. Calculate w(m).
-5
Let h(g) = -8*g**2 + 7*g. Let l(s) = -7*s**2 + 6*s. Let c(b) = -6*h(b) + 7*l(b). Let y = 1 + -3. Calculate c(y).
-4
Let v(q) = 4*q**2 + 11*q + 7. Let x(i) = -3*i**2 - 10*i - 7. Let b(p) = 4*v(p) + 5*x(p). What is b(7)?
0
Let y(w) = 5*w**3 - 1. Let u be y(1). Let f(t) = -2*t**2 + 5*t + 3. Calculate f(u).
-9
Let t(q) = -q**3 - 11*q**2 + q + 3. Let x(j) = -j**3 - 10*j**2 + 3. Let l(k) = 4*t(k) - 5*x(k). What is l(-5)?
2
Let r(t) be the second derivative of -t**5/20 + t**4/2 - t**3 - 3*t**2 + t. Let o = 769 + -764. Determine r(o).
-11
Let t(v) = -7*v - 3. Let a(p) = -p. Let x(n) = 6*a(n) - t(n). Determine x(7).
10
Let h(t) = -5 + 5*t + 5 + t**2 + 8 - 2. Calculate h(-4).
2
Let d be (-1 - 4/(-6))*-9. Suppose a - 2*a = d. Let s(v) = -v**3 - 4*v**2 - v + 3. What is s(a)?
-3
Let d be 4/((-8)/(-4)) + 0. Let k(y) be the third derivative of 0 + 1/60*y**5 - 1/12*y**4 + 1/6*y**3 - 3*y**d + 0*y. Give k(4).
9
Let c(q) = q**2 - 6. Let o be (-1)/1*9 - (-6 - -3). Calculate c(o).
30
Let y(v) = -v**3 + v**2 + v - 1. Let d be -1*(1 - 3 - -1). Let b(w) = 5*w**3 - 7*w**2 - 8*w - 1. Let i(n) = d*b(n) + 4*y(n). Determine i(4).
-5
Let c(n) be the first derivative of -n**3 - n**2/2 + n + 5. Determine c(1).
-3
Let n(l) = -l**3 + 5*l**2 - l - 6. Let m(a) = -a**3 + 5*a**2 - a - 6. Let x(y) = -5*m(y) + 4*n(y). Determine x(5).
11
Let s be (-2 - 0)/((-4)/(-6)). Let a(n) be the third derivative of -n**4/24 + n**3/6 + 3*n**2. Let l be a(s). Let k(d) = d**3 - 4*d**2 + 2*d - 1. What is k(l)?
7
Let p(q) = 2*q**2 + 5*q + 1. Let g be (4/(-6))/((-4)/(-24)). Determine p(g).
13
Let h(u) be the first derivative of -u**4/4 - 10*u**3/3 - 4*u**2 + 7*u - 6. Determine h(-9).
-2
Let x(t) = -3*t**2 + 4. Let u(c) = 16*c**2 - 19. Let n(b) = 2*u(b) + 11*x(b). Give n(5).
-19
Let r(f) = -f**3 + 3*f + 4. Let y be 22/12 + 10/60. Let a(b) = -b**2 - 3*b - 3. Let n(m) = y*r(m) + 3*a(m). Give n(-2).
9
Let r(p) be the second derivative of -3*p - 1/6*p**3 + 5/2*p**2 + 0. Determine r(3).
2
Let t(a) = 6*a**2 - 5*a - 2. Let n(m) = -m**2. Let k(q) = -q + 10. Let u be k(8). Let j be 0 + -2 - (-6)/u. Let g(l) = j*t(l) + 5*n(l). What is g(4)?
-6
Let u(f) be the second derivative of -1/6*f**4 + 1/40*f**5 + 0 + 0*f**2 + 2/3*f**3 - f. Let m(o) be the second derivative of u(o). Determine m(3).
5
Let g(z) = -2*z - 90 + 96 + 3*z. Suppose -5*t + 5*u - 45 = 0, 0*u - 4*u + 8 = 3*t. Determine g(t).
2
Suppose -4*a - 10 = -3*a. Let u be (4/a)/(2/(-10)). Suppose -i - 9 = 3*j - 4, u*j = -i - 2. Let z(k) = -k - 2. Determine z(j).
1
Let y(a) = -a**2 + a - 2. Let n(o) = -3*o - 5. Let c be n(-4). Suppose -4*p + c + 17 = 0. Let w = p + -6. Determine y(w).
-2
Let x(c) = -2*c**3 - 8*c**2 - 6*c + 6. Let i(g) = g**3 + 7*g**2 + 5*g - 6. Let f(s) = 3*i(s) + 2*x(s). Calculate f(5).
9
Let j(v) be the third derivative of 0*v**3 + 0*v + 1/20*v**5 - 1/24*v**4 + 3*v**2 + 0. Calculate j(-1).
4
Let r(s) = s**3 - 6*s**2 + 4. Let y(o) = 6*o - 13. Let n be y(3). Determine r(n).
-21
Let w(c) = c**2 + 7*c + 8. Let v be w(-6). Let n(l) = -4*l**2 - 5 + 3*l**v - 1. What is n(0)?
-6
Let u(j) = j**3 - j**2 - 2*j - 1. Let f(d) = 2*d**2 + d - 1. Let k be f(1). Let r be u(k). Let y(z) = 2*z**3 - 2*z**2 + 1 + 2*z**2 + 0*z**3. Determine y(r).
-1
Let l be -3 + (0 - -2 - -1). Let c = l + 5. Let q(p) = -7*p - p + c*p. What is q(-3)?
9
Let t(l) be the second derivative of -l**4/12 + 5*l**3/6 + l**2 + 6*l. Give t(5).
2
Suppose 0 = 3*l + v - 7, -11 = -4*l + v + 3. Let s(k) = -2*k**2 + 5*k - 3. What is s(l)?
-6
Let l(w) be the third derivative of -w**5/60 + w**4/24 + 4*w**2. Give l(-1).
-2
Let u = -26 - -21. Let x(i) = -i**3 - 6*i**2 - 4*i - 5. Calculate x(u).
-10
Let l(h) = h**3 + 3*h**2 - 2*h - 1. Suppose 4*x + 43 = 131. Suppose -4*f = 5*r + x, -4*f - 10 = 2*r - 3*r. Determine l(f).
5
Let y(m) = 156*m**3 + m. Let x be y(1). Let k(n) = -1 - x*n**2 + 4*n + 0 + 161*n**2 - n**3. Suppose 0 = -2*b - 2*b + 20. Determine k(b).
-6
Let h(p) = p + 20 + 0*p - 19. Give h(5).
6
Let m(q) be the third derivative of q**5/60 + 5*q**4/12 - 3*q**3/2 - 37*q**2. Calculate m(-11).
2
Suppose -4*u - 30 = -u. Let n(c) = -c**2 - 9*c + 7. Let p be n(u). Let d(z) = z**3 + 2 - 1 + 2*z + 3*z**2 + 1. What is d(p)?
-4
Suppose -6 + 20 = -2*n. Let q = -15 - n. Let d = 6 + q. Let o(k) = k**3 - k + 1. What is o(d)?
-5
Let c(y) be the second derivative of y**5/20 + 2*y**4/3 + 2*y**3/3 + 5*y**2/2 - 30*y. Determine c(-7).
26
Let q(t) = t**2 - 4*t + 2. Let x be 8/(-6)*(-3 + 0). Let a be (3 + (-21)/6)*-6. Suppose -4*o = o + 3*k - 37, -1 = a*o - x*k. Give q(o).
7
Let r be (2 + -1)*(-4)/(-2). Let m(f) = 5 + r*f - 3 + 0*f. Suppose -2 = 5*l - 17. Determine m(l).
8
Let j(y) = -3 + 2 + 76*y + 0 - 77*y. Calculate j(5).
-6
Let f be 2 - (-3 - -5 - 5). Let r(i) = 2*i + 5. Calculate r(f).
15
Let z(h) = -2*h + 3*h + 1127 + 5*h**2 + h**3 - 1122 + 2*h. Calculate z(-4).
9
Let g(t) = 0 + 4*t + 0 - 5*t. Let l = 9 + -3. Determine g(l).
-6
Let h(i) be the second derivative of i**3/6 + 3*i**2 + 30*i. Determine h(-5).
1
Let f be (-5)/(-4 + (3 - -2)). Let o(a) = a + 1. Calculate o(f).
-4
Let y(c) = c**2 - c + 9. Let f(v) = 2*v + 38. Let l be f(-19). Calculate y(l).
9
Suppose 2*i = -t - 0*t + 8, 5*i - 3*t - 9 = 0. Let b(o) = -5*o**3 + o**3 + 3*o**i. What is b(-1)?
1
Let a(d) = -d - 5. Let b be ((-3)/(-4))/(3/12). Suppose 0 = 5*j + 4*r + 45, 8*j - b*j = -5*r - 50. Let w be (6/j)/((-15)/(-50)). Give a(w).
-1
Suppose -1 + 4 = t. Let f(n) be the second derivative of -1/2*n**2 + 0 - n + 1/6*n**t + 1/12*n**4 + 1/4*n**5. Determine f(1).
6
Let y(k) be the third derivative of k**5/12 - k**4/24 + k**3/6 - 11*k**2. What is y(1)?
5
Let o be 20/(-6)*(-9)/6. Suppose 2*f - o*f = -9. Let k(d) = -5*d - d - 1 + f*d. Calculate k(1).
-4
Let l(t) = -t**2 - 5*t - 3. Let u be l(-3). Let m(k) = -k**3 + k**2 + k - 1. Let n(h) = 5*h**3 - 3*h**2 - 6*h + 7. Let v(d) = -6*m(d) - n(d). Determine v(u).
-1
Let m = 63 + -42. Suppose -s - w = -3*s - 1, -3*w + m = 3*s. Suppose 6*o = s*o + 12. Let x(c) = c**3 - c**2 - 5*c + 3. Determine x(o).
6
Let k(w) be the second derivative of w**3/3 - 5*w**2 + 3*w. What is k(7)?
4
Let i(k) = -14*k**2 + k - 1. Suppose 0 = -m + 3*m - 6. Suppose -a = -4*a + m. Give i(a).
-14
Let h(i) = -i**3 - 3*i**2 + 5*i - 1. Let d = 8 - 6. Suppose -m = -2 - d. Suppose -4*q + 3*q = m. Calculate h(q).
-5
Let h(q) = 6 - 7*q + 3*q + 3*q**2 + 5*q**2 - q**3 - 3*q**2. Let y be 1/(-2) + (-3)/2. Let g = y - -6. Determine h(g).
6
Let u(z) = 6*z**2 + z + 7. Let g(i) = -5*i**2 - 6. Let x(h) = 5*g(h) + 4*u(h). Determine x(5).
-7
Let m(p) be the second derivative of -p**5/4 + p**3/6 + 2*p. Suppose -18 - 6 = -2*x - 5*s, 0 = 5*x - 5*s + 10. Suppose 3 = x*z + 1. Calculate m(z).
-4
Let i(s) = s**2 + 6*s - 5. Suppose 0 = -2*x - 17 + 5. Determine i(x).
-5
Suppose -2*u + 5*u - 21 = 0. Let f be -2 + 3 + 15 + 4. Suppose u*v = 2*v + f. Let g(q) = q**3 - 3*q**2 - 4*q + 4. Calculate g(v).
4
Let v(n) be the first derivative of -n**4/4 - 2*n**3 - 5*n**2/2 - 5*n + 2. Let h(b) = b**2 - 14*b + 10. Let d be h(13). Let s be ((-50)/6)/(-5)*d. Give v(s).
-5
Let v(s) = -s**2 - 7*s - 9. Let a be -16*(2 + 20/(-16)). Let d = a - -6. Give v(d).
-3
Let b(u) = 2*u**2 - u**2 + 13*u - 1 - 10*u. Determine b(2).
9
Let b(n) be the third derivative of n**4/24 + 7*n**3/6 - 2*n**2. Let w(v) = -v**3 + 3*v**2. Let h be w(2). Suppose 0 = h*t, -t + 12 = -2*o + t. Give b(o).
1
Let v(p) = -p**2 + 3*p + 1. Suppose -24 = -4*x - 4. What is v(x)?
